Is n(m) composite?
False
Suppose -2 = -2*i + 3*i. Let f(w) = -8*w - 20. Let q be f(0). Is ((-16)/q)/(i/(-35)) a prime number?
False
Let y = 10 - 7. Suppose -3*h = -w - 133, -y*h - 5*w = -84 - 61. Suppose v = 22 + h. Is v a prime number?
True
Is (-124)/18*-39*3/2 a composite number?
True
Suppose 0 = o + 3*y - 4388, 25*o - 30*o + 21927 = 2*y. Is o composite?
True
Suppose 4*m - 8 + 0 = 0. Suppose s - 4 = -m. Is (-118 + 3)*(-3 + s) composite?
True
Let h be (-4)/(-14) + 14704/(-112). Let o = h - -342. Is o composite?
False
Let r = -22 - -16. Let g = -4 - r. Suppose -g*x = -3*x + 257. Is x prime?
True
Let k = 6 + -5. Let t be -5*(-1 - k)/2. Suppose g - 97 = -3*i, -2*i + 24 + 32 = t*g. Is i a composite number?
True
Suppose -5*q - 2 = -17. Suppose -4*z + 9*z - q*f - 6964 = 0, -2*z = -f - 2785. Is z a composite number?
True
Let z = 4378 - 2085. Is z composite?
False
Suppose 4*y = h - 141 - 142, 4*y = -2*h + 590. Is h composite?
True
Let n = -130 + 87. Let r = 8 - n. Is r prime?
False
Let f(d) = d - 8. Let o be f(10). Suppose b - 5*b + 24 = -4*w, -o*b - 4*w + 6 = 0. Let v(m) = 14*m + 1. Is v(b) prime?
True
Let k be (-2)/(-1)*(-24)/16. Is k/(-9) + 8890/15 a prime number?
True
Let g be -4 + ((-4)/4)/(-1). Let y(b) = 13*b**2 - 3*b + 4. Let s(x) = x**2. Let a(c) = -3*s(c) + y(c). Is a(g) a prime number?
True
Is (-8)/(40 + 0)*-8245 a prime number?
False
Let f = -1 + 108. Suppose 2*d + 5*n = 5*d + f, 2*d + 65 = -3*n. Let m = 57 + d. Is m prime?
True
Is (6/9)/(26/1718691) prime?
False
Let c(r) = -r**3 - 8*r**2 - 7*r + 18. Let p be c(-8). Is p*(-11)/(-2) + 0 a composite number?
True
Suppose -2*x = -4*p + 2*x, 4 = -2*p + 3*x. Suppose 377 = -p*u + 5*u. Is u composite?
True
Let m = 22252 + -13019. Is m prime?
False
Let n(p) = 6*p + 13231. Is n(0) a prime number?
False
Let k be 18/(-24) + (-3350)/(-8). Suppose k + 549 = m. Is m composite?
False
Suppose -7*d - 3 = -8*d. Suppose 0 = -d*b + b + 422. Is b a prime number?
True
Let s(c) = -473*c - 63. Is s(-10) a prime number?
False
Suppose -3*w + 8659 = q, 4*q - w - 57197 = -22535. Is q a prime number?
False
Suppose 3386 - 12074 = -3*y. Let x = -1683 + y. Is x a composite number?
False
Let q(t) be the second derivative of -1753*t**3/6 + t**2 + 35*t. Is q(-3) composite?
False
Let w be (-2)/4*3*6502/3. Is 1 + (-2 - w - (-1 - 0)) a prime number?
True
Suppose -11239 = -6*o + 16703. Is o a composite number?
False
Let z(v) = 3*v**2 - 6*v - 4. Suppose 3*l + u + 52 = -4*u, -3*l - 2*u - 37 = 0. Is z(l) composite?
False
Suppose 15 = -4*o + 2*k + k, 0 = o + 2*k - 10. Let m be -39 + o + 4/2. Let w = 80 + m. Is w composite?
False
Suppose 3*f = -3*d + 108, -2*f + 2*d - 5*d + 74 = 0. Suppose 4*s - f - 2 = -w, -w - 2*s = -46. Suppose -35 - w = -q. Is q a composite number?
True
Let v be (-1086)/(-4) - 3/(-6). Let h = v - 178. Is h prime?
False
Suppose -4*d + 3*d = 157. Let c = 474 - d. Is c a prime number?
True
Let c(x) = 3*x**2 - 49*x - 21. Let p be c(-14). Let q = 8040 - p. Is q a composite number?
True
Suppose 4*b = 3*b + 9684. Let g = 6754 - b. Is ((-13)/65)/(2/g) a prime number?
True
Let y(q) = q**3 - 4*q**2 - q + 6. Let x be y(4). Suppose 5*v - 1 = z, 2*z - 5*v = 4*z + x. Is 2 + 30 + z/1 a composite number?
False
Let k = -105653 - -150480. Is k a composite number?
True
Suppose 21 = 3*h - 3*q, 0 = -h - 2*q + 3 - 5. Suppose 4*j + 1121 = l, 5*l - 4594 = h*j + 995. Is l prime?
True
Suppose 7*q - 10*q + 4014 = 0. Suppose 13 - q = -5*o. Is o a prime number?
False
Let f = -233 - -76. Let q = 348 + f. Is q a composite number?
False
Suppose -5723 = -3*x - 5*t, 4*t - 813 = 4*x - 8401. Is x a prime number?
True
Let r(t) = -2*t**2 + 7*t - 2. Let o be r(1). Is (-7 + o + 2)/(2/(-2699)) a composite number?
False
Let q be (-3)/((2/9)/2). Let f = q - -64. Is f composite?
False
Suppose -20 = -4*z, -10*q = -12*q - 3*z + 2723. Is q a prime number?
False
Let l(n) = 704*n - 45. Is l(10) a prime number?
False
Let l(t) = 2*t - 11. Let m be l(7). Suppose -2*h - 2*b + 1452 = 3*b, -5*h + m*b = -3599. Is h a prime number?
False
Suppose 22 = -5*g + 17. Is 6 + -5 - g/(1/912) a prime number?
False
Suppose 66*j - 16 = 58*j. Suppose 5*h + 4*q = 2*h + 2635, -2*h + 1752 = -j*q. Is h a composite number?
False
Suppose 2654 + 2793 = 13*o. Let t = o - -264. Is t a prime number?
True
Let b = 5902 + 32733. Is b a prime number?
False
Let t(q) = -174 - 314*q - 158 + 265. Is t(-6) a prime number?
False
Let i(p) = -17 + 15*p + 16*p + 64*p + 89*p. Is i(6) prime?
True
Suppose h - 9*h = -2200. Suppose -c + h = 2*k, -4*k + 3*k + 271 = c. Is c a prime number?
False
Let g = -510 - -889. Is g a prime number?
True
Suppose -69*a + 63*a + 10254 = 0. Is a prime?
True
Let z be (-54)/(-12)*(-2)/3. Let j = z + 2. Is (2 + j)/(2/422) prime?
True
Let u be -3 - 3*(-3 + 868/(-12)). Suppose 0 = z - x - u, -3*x = 2*z + 9 - 455. Is z composite?
False
Suppose a - 115 = 4*y, y - 4*a - 72 = 4*y. Suppose -r - 3*w + 63 = 0, 5*r + 0*r = -5*w + 335. Let o = r - y. Is o composite?
False
Let c(i) = 69*i**3 + 24*i**2 - 4*i + 49. Is c(8) prime?
False
Let n(l) = -1 + 0*l - 2 + 5 - 2*l. Let y be n(1). Suppose y = -0*r + 4*r - 628. Is r composite?
False
Let y(b) = -8*b**3 - 6*b**2 + 8*b - 10. Let r be y(5). Let a = r + 2031. Is a a composite number?
False
Let i be 2 + -3 - (1 - 4). Suppose i*s = 15 + 1. Let g = 39 + s. Is g prime?
True
Suppose 0 = 5*f + 2848 + 2842. Is -3 + f/(-8) + (-5)/20 prime?
True
Let j(q) = 2*q - 14. Let c be j(8). Suppose 0 = -c*w + 543 + 1099. Is w a prime number?
True
Suppose 0 = 241*u - 247*u + 27210. Is u prime?
False
Let q = -254 - -618. Suppose -4*j + 2352 + q = 0. Is j composite?
True
Let k be (-5 + 17)/(1/(3/6)). Suppose k*h = 2146 + 10820. Is h composite?
False
Let s = 0 - 5. Let b be 1/s + 8928/15. Suppose -6*k = -k - b. Is k prime?
False
Let s = -225 + 349. Suppose -914 = -5*g - s. Is g a prime number?
False
Suppose 2*o - 2066 + 5529 = y, 5*y - 2*o - 17291 = 0. Is y a composite number?
False
Let s(q) = -3*q + 19. Let x be s(10). Let h(d) = d**2 + 11*d + 3. Is h(x) prime?
True
Suppose 857205 = 33*b - 1330926. Is b a composite number?
True
Let k(f) = f**3 + 14*f**2 + 12*f - 10. Let s be k(-13). Let b(x) = -x**3 - 2*x**3 + 8*x**2 + 3 + 5*x**s - 8*x. Is b(5) a composite number?
True
Suppose 0 = 548*i - 547*i - 4387. Is i prime?
False
Is 3879 + -3 - (-2 + 1) prime?
True
Suppose -3*q - 17 = -5*j, -4*j + 3*q = -j - 9. Let t(o) = 2*o - o - o**3 - 30 + 3*o**3 + 25. Is t(j) a prime number?
True
Is 12/(-2) - (-1440 + -37) a composite number?
False
Suppose 9*c = 7*c + 644. Suppose 0 = -4*k + 7*g - 2*g - 656, c = -2*k + 4*g. Let n = -86 - k. Is n a prime number?
True
Suppose -2*j - 2*v + 18 = 3*v, -4*j = 2*v - 20. Suppose a + 2*z - 160 + 1253 = 0, -j*a = 4*z + 4356. Let w = -366 - a. Is w a composite number?
False
Let x = -2 + 6. Suppose 1326 = x*o - 646. Is o composite?
True
Let d = 51 - 23. Is (d/12 + -2)*4431 composite?
True
Let y be (2/5)/(-7*(-6)/11760). Suppose 0 = 6*q - 2*q + 2*t - 226, -5*q - 5*t = -290. Let c = y - q. Is c composite?
True
Let a be 3/3*(-8)/2. Let b = 0 + a. Is (-629)/b - 9/36 composite?
False
Let a(v) = 2*v - 5. Let y be a(3). Let q(x) = 701*x**3 - 2*x + 2. Let w be q(y). Let o = w - 432. Is o a composite number?
False
Suppose 0 = -y + 4*r + 7199, -5*y - 3*r = -0*r - 35903. Suppose -y + 317 = -2*x. Is x composite?
False
Suppose 0 = -4*z - 3*k + 482, -4*k = 2*z - 235 - 11. Is z composite?
True
Let l = -5 - -10. Suppose u - 4930 = -l*f, -f + 3*f - 1945 = 5*u. Is f composite?
True
Is 35/(-10)*2 - -11224 prime?
False
Let q(g) = -67*g + 4. Let o = 10 - 5. Let a be q(o). Let z = -98 - a. Is z composite?
False
Suppose 0 = -7*g + 3*g. Suppose -2*p + 14 - 4 = g. Suppose -p*q + 1475 = -0*q. Is q composite?
True
Let u = 206 - 211. Let w(p) = -10*p + 2 - 7*p - 16*p. Is w(u) prime?
True
Is 2/3*9224652/152 composite?
False
Let o be ((-6)/(-4))/((-9)/(-2658)). Suppose -o - 395 = -2*t. Is t a prime number?
True
Let x(l) = 13*l + 72. Is x(29) a composite number?
False
Suppose 3*p = 3*f + 39, 5*p - 50 = 2*f - 0. Suppose y = -0*y + p. Let x(m) = 5*m - 6. Is x(y) a composite number?
True
Suppose -10*j + 2439 = -29151. Is j/12 + (-5)/20 a composite number?
False
Suppose -82*f - 16653 = -103*f. Is f prime?
False
Is 2/(-9) + 7144750/450 a composite number?
False
Let t = 3556 - 181